
Is 56333581 prime?
True
Is 26833169 a composite number?
True
Is 116083051 a composite number?
True
Is 115483 prime?
False
Is 11858947 composite?
False
Is 5218721 a composite number?
False
Is 76524223 a prime number?
True
Is 438839567 a composite number?
False
Is 2753171 a composite number?
True
Is 71357437 prime?
False
Is 120331209 prime?
False
Is 16467721 a composite number?
False
Is 272327821 composite?
True
Is 126677497 a composite number?
False
Is 6939838 a prime number?
False
Is 385813771 a prime number?
False
Is 2804021 prime?
False
Is 54777949 prime?
True
Is 37809571 composite?
True
Is 24442251 prime?
False
Is 87573751 prime?
True
Is 37199003 a composite number?
True
Is 2657713 prime?
False
Is 272361 prime?
False
Is 93146257 a prime number?
True
Is 816667 composite?
False
Is 17600683 a prime number?
True
Is 556487 a prime number?
True
Is 5110615 a composite number?
True
Is 18845069 a prime number?
False
Is 14368253 composite?
True
Is 2782937 composite?
False
Is 2759909 a prime number?
True
Is 61527847 composite?
False
Is 28555447 composite?
False
Is 25516693 prime?
True
Is 50789561 a composite number?
False
Is 24125963 composite?
True
Is 20937197 prime?
True
Is 461949485 prime?
False
Is 259733813 prime?
True
Is 1027176817 a prime number?
False
Is 20494569 a prime number?
False
Is 2047699 a composite number?
False
Is 47873453 a composite number?
True
Is 30843401 prime?
True
Is 44715751 a prime number?
True
Is 1998338 a prime number?
False
Is 345307 prime?
True
Is 12681391 prime?
True
Is 33349633 a composite number?
False
Is 2501491 a composite number?
True
Is 1139461 composite?
False
Is 62341177 a composite number?
True
Is 36659093 prime?
False
Is 33165359 a composite number?
True
Is 99314921 prime?
True
Is 387005857 a prime number?
False
Is 4957871 a composite number?
False
Is 12378127 a composite number?
False
Is 6113273 prime?
True
Is 67986951 a prime number?
False
Is 817837 a prime number?
True
Is 2614301 a prime number?
True
Is 17029487 a prime number?
True
Is 240237067 a prime number?
False
Is 96654761 prime?
False
Is 102267197 a composite number?
True
Is 1455789 a composite number?
True
Is 3699893 a composite number?
False
Is 16282621 a composite number?
True
Is 94101563 a prime number?
True
Is 118831051 composite?
False
Is 10138979 a composite number?
False
Is 3109798 a prime number?
False
Is 3035699 a prime number?
False
Is 89879701 prime?
True
Is 31094881 a prime number?
False
Is 91128203 a composite number?
False
Is 13053121 a composite number?
True
Is 24223937 a prime number?
False
Is 483470677 prime?
True
Is 7312751 composite?
False
Is 3941039 a composite number?
False
Is 2807347 composite?
True
Is 120347923 a composite number?
False
Is 13111703 a composite number?
True
Is 14653861 prime?
True
Is 70331969 composite?
False
Is 4411801 a composite number?
False
Is 20053739 prime?
False
Is 150400361 a prime number?
True
Is 1691329 composite?
True
Is 273583943 composite?
False
Is 1284931 composite?
False
Is 968009599 composite?
False
Is 11264485 composite?
True
Is 3138167 a prime number?
True
Is 128885101 composite?
False
Is 13197539 a prime number?
True
Is 64283917 a prime number?
True
Is 28360273 a prime number?
True
Is 16986979 a prime number?
False
Is 377806085 a composite number?
True
Is 12084923 a prime number?
True
Is 3342821 prime?
True
Is 4654043 prime?
True
Is 1182659 prime?
True
Is 17599327 composite?
True
Is 12150889 prime?
True
Is 135377941 prime?
False
Is 9914263 a prime number?
False
Is 88961 prime?
False
Is 22889731 composite?
True
Is 20405813 a prime number?
True
Is 119141 a prime number?
False
Is 208920013 composite?
False
Is 12729467 a prime number?
False
Is 588911 a prime number?
True
Is 3824563 composite?
True
Is 523469 a composite number?
True
Is 783157 a composite number?
True
Is 6978593 a prime number?
True
Is 131574071 a composite number?
True
Is 478711567 composite?
True
Is 31454939 a composite number?
True
Is 54553951 a composite number?
True
Is 1134961 a composite number?
False
Is 420383 a prime number?
True
Is 40214578 composite?
True
Is 10106483 prime?
False
Is 989203 prime?
False
Is 7941823 a prime number?
False
Is 9865937 a prime number?
True
Is 1614455423 prime?
False
Is 52443761 prime?
False
Is 7008163 a prime number?
True
Is 6807077 prime?
True
Is 7161269 a composite number?
False
Is 1846542017 prime?
False
Is 4586831 a prime number?
True
Is 2032817 a prime number?
False
Is 24580931 prime?
False
Is 8505187 composite?
False
Is 5400221 a prime number?
True
Is 2712767 composite?
False
Is 282767 a composite number?
False
Is 105521443 a prime number?
True
Is 6060521 a prime number?
True
Is 10522139 prime?
False
Is 16882561 a prime number?
True
Is 21416921 a prime number?
False
Is 902477 prime?
True
Is 1820981 a prime number?
False
Is 136843229 prime?
True
Is 263720489 a composite number?
False
Is 9743947 a prime number?
True
Is 3787319 prime?
True
Is 7478069 a composite number?
False
Is 59720179 composite?
True
Is 2920453 a prime number?
True
Is 29438249 composite?
False
Is 30912509 a prime number?
False
Is 389314526 prime?
False
Is 18818717 composite?
True
Is 129285467 composite?
False
Is 2738681 a composite number?
True
Is 137077 a composite number?
False
Is 334485271 prime?
False
Is 503488741 a composite number?
True
Is 21662367 a prime number?
False
Is 2925793 prime?
False
Is 598771 a composite number?
True
Is 6858883 composite?
True
Is 479509 a composite number?
False
Is 17104613 a prime number?
True
Is 5219717 prime?
True
Is 351389537 a composite number?
False
Is 8300261 a composite number?
False
Is 1881641 prime?
True
Is 68461403 a composite number?
True
Is 42208505 a prime number?
False
Is 381751 prime?
False
Is 14713061 a composite number?
True
Is 389491 composite?
True
Is 11991997 composite?
False
Is 18935759 prime?
True
Is 16902217 a composite number?
True
Is 5915407 a prime number?
False
Is 77966503 prime?
True
Is 4350755 a prime number?
False
Is 17614981 a composite number?
True
Is 37591571 a composite number?
False
Is 1884293 a composite number?
False
Is 52361597 a composite number?
False
Is 39954347 composite?
True
Is 74145319 composite?
True
Is 4144586 prime?
False
Is 1561393 a composite number?
False
Is 5245391 composite?
False
Is 6204827 prime?
True
Is 151685395 a composite number?
True
Is 2074369 a prime number?
False
Is 86099479 a composite number?
False
Is 22097581 a composite number?
True
Is 31745837 a prime number?
True
Is 99687529 a composite number?
True
Is 3844199 a prime number?
True
Is 3347543 a composite number?
False
Is 1311848381 a composite number?
False
Is 10228863 a prime number?
False
Is 2074031 a prime number?
True
Is 241309487 a prime number?
False
Is 9869359 composite?
True
Is 356987 prime?
False
Is 3869423 composite?
True
Is 2014423 a prime number?
True
Is 4312001 composite?
True
Is 293119527 a composite number?
True
Is 683396599 composite?
False
Is 1386571 a composite number?
True
Is 2641403 composite?
True
Is 37706191 composite?
False
Is 112853707 a prime number?
True
Is 5533321 a composite number?
True
Is 16260631 a composite number?
False
Is 613807847 a composite number?
True
Is 786001 a prime number?
True
Is 17721589 composite?
False
Is 6087827 a composite number?
False
Is 316059449 prime?
False
Is 129547 composite?
True
Is 6268247 prime?
True
Is 70532747 a prime number?
False
Is 89150909 a prime number?
True
Is 39519231 a composite number?
True
Is 37126091 a prime number?
True
Is 4744067 prime?
False
Is 685849 a prime number?
True
Is 5595119 a composite number?
False
Is 11380181 a prime number?
True
Is 221788709 a composite number?
False
Is 238519 a prime number?
True
Is 1201763 a prime number?
False
Is 2168849 a composite number?
True
Is 60610829 composite?
True
Is 1984649 composite?
False
Is 283307329 prime?
False
Is 8100407 a prime number?
False
Is 1337167 prime?
False
Is 2315081 prime?
True
Is 103584841 composite?
False
Is 1527067 a prime number?
False
Is 173985143 prime?
True
Is 13003241 a prime number?
False
Is 166308074 composite?
True
Is 4204471 prime?
True
Is 18817547 composite?
True
Is 46108241 composite?
False
Is 455126263 a prime number?
False
Is 210339073 composite?
True
Is 439917 prime?
False
Is 570002821 a prime number?
True
Is 6017942